. Let n(u) = y*l(u) + p(u). Give n(-1).
2
Let w(u) = u + 3 - 3 + 3. Let t = -386553 + 386544. Calculate w(t).
-6
Let y be ((-15)/24*6/(-15))/((-102)/2040). Let v(d) = -d**3 - d**2 + 15*d - 20. What is v(y)?
5
Let m(r) be the first derivative of -r**5/20 + r**4/24 + 3*r**3 - r**2 + 281. Let v(n) be the third derivative of m(n). Calculate v(-1).
7
Let a(d) = -13*d + 16 + 13*d + 7*d - 10*d. Let c = 8 + -3. Let f be a(c). Let q(i) = 7*i + 1. Calculate q(f).
8
Let b(c) = 3*c + 7. Let l(s) = s**3 - 24*s**2 - 57*s + 124. Let y be l(26). Calculate b(y).
-11
Suppose -4*v + 3168 = 5*v. Let y = 346 - v. Let x(m) = -m**2 - 6*m - 8. What is x(y)?
-8
Let y be (-3)/12 - (-3 + (-852)/16). Suppose -y = -11*a + 3*a. Let l(z) = z**2 - 7*z - 5. Give l(a).
-5
Let v(u) = u + 7. Let x be -5 + (-24)/(-2) + -2. Suppose x*w = -j - 2, j + 2*w - 2 = 2*j. What is v(j)?
5
Suppose -s + 9 = -4*i - 10, i = -5*s + 11. Let x(u) = -2*u + 32*u**3 - 33*u**3 + 4 + 4*u**2 + 2*u - 3*u. Calculate x(s).
4
Let u(f) = 2*f**2 + 13*f - 2. Suppose 9 = w - 5*q, -4*w + 5*q - 9 = -0*w. What is u(w)?
-8
Let m = 164 + -175. Let d be (-7 - -3)*6/(-8) + m. Let a(u) = -u**2 - 6*u + 9. Calculate a(d).
-7
Let a = -85 - -85. Let n(q) = -9*q**2 + a*q**2 - 9*q + q - q**3 + 10 + q. Let c = -4 - 4. Calculate n(c).
2
Let u be ((-5)/(15/6))/(6/(-6)). Let g be (5 - 0)/((-12)/u + 5). Let v(f) = -f**3 - 4*f**2 + 6*f + 6. Calculate v(g).
1
Suppose 3*o - 4 = 2*r - 29, -4*r = 2*o - 10. Let l(w) = w**3 + w**2 - w. Let y(d) = 2*d**3 + 7*d**2 + 3*d - 1. Let h(a) = -l(a) + y(a). Give h(o).
4
Let o(v) = 2*v + 3*v**2 - 1 - 6 + 0*v - 2*v**2. Suppose -21 + 6 = -3*x. Suppose -3*n - 5*w = -6*n - x, 0 = -2*n - 2*w + 18. Give o(n).
28
Let l(y) = 5*y**2 - 2. Suppose 41*h = 44*h. Suppose b - 3 = 2*g + 3, 2*b = -5*g - 6. Let m = b + h. Determine l(m).
18
Let f(m) = -37 + m**3 + 109 - 41 - 15*m - 36 + 10*m**2 - 2*m**3. Determine f(8).
3
Let k(d) = d**3 + 27*d**2 + 23*d - 83. Suppose -97*p = 1153 + 1369. Give k(p).
-5
Suppose -25*b + 781 = 276 + 330. Let c(r) = -3 - r + 2 + 6. Give c(b).
-2
Let k(o) = 2*o**2 - 2*o - 105. Let p(j) = j**2 - j - 60. Let h(l) = 4*k(l) - 7*p(l). Determine h(-4).
20
Let u(s) = -s**2 + 23*s + 16. Let a(b) = -b**3 - 7*b**2 + 117*b + 872. Let l be a(-8). What is u(l)?
16
Let q(l) be the first derivative of -l**3/3 - 3*l**2/2 + 5*l - 894. Let o be (-6)/(-9)*3 - 0. Suppose -4 = a - r, -a - 2*r - 17 = o*a. Give q(a).
-5
Let d(j) be the second derivative of 13/12*j**4 + 1/20*j**5 - 38*j - 7/3*j**3 + 0*j**2 + 1. What is d(-14)?
0
Let c(y) = 2*y - 3. Let m be c(4). Let k(q) = -q**3 + 5*q**2 + 3. Let a(b) = -1. Let t(s) = 4*a(s) + k(s). What is t(m)?
-1
Let r(g) be the second derivative of -g**4/6 - 11*g**3/3 - 6*g**2 - 200*g + 4. Calculate r(-8).
36
Let v = -2515 + 2505. Let q(c) = -3*c**2 - 33*c + 12. Give q(v).
42
Let c(o) be the third derivative of o**5/60 + o**4/4 - o**3 + 2*o**2. Let b be (-216)/792 + 126/(-22). Give c(b).
-6
Let n(a) = 9 + 212*a - 1 - 210*a + 5 + 16. Determine n(6).
41
Let l(d) = 9*d**3 + 30*d**2 + 14*d - 104. Let s(a) = 5*a**3 + 17*a**2 + 8*a - 53. Let q(u) = 4*l(u) - 7*s(u). Give q(0).
-45
Let f(q) = q - 4664*q**2 - q + 4675*q**2. Let x(b) = 3 + 2*b - 5 + 3 - b**2 + 3. Let m be x(3). Give f(m).
11
Suppose -1095 = 4*o + 5*m - 959, 4*o + 88 = m. Let h(x) = 3*x + 102. Calculate h(o).
30
Let i(l) = 2*l**2 + 11*l - 1353. Let k be i(-29). Let s(w) be the third derivative of -w**4/12 + 11*w**3/6 + w**2. Give s(k).
-9
Let a = -4722 - -4728. Let q(t) = 5*t**2 - 28*t - 14. Give q(a).
-2
Let z(a) be the third derivative of -15*a**4/8 - 7*a**3/6 - a**2 - 1473. Give z(-2).
83
Let h(m) = 263*m + 1036. Let n(k) = 64*k + 259. Let c(v) = -8*h(v) + 33*n(v). What is c(-34)?
-13
Let n(d) = 0*d - d + 3*d**3 - 2*d**3 - 2*d**2. Suppose 8*l - 171 = -11*l. Suppose -l*c + 22*c = -13. What is n(c)?
-2
Let m(v) be the third derivative of v**5/20 - v**4/4 - 5*v**3/6 + 328*v**2 + 3. Determine m(0).
-5
Let g(x) = -x**3 - 4*x**2 - 2*x - 5. Let o(s) = 24*s**3 + s**2 - 7*s + 14. Let y be o(2). Let p = y - 200. Determine g(p).
3
Let r(j) = 49*j - 14. Let i(p) = -2*p**2 + 89*p - 27. Let f(s) = -6*i(s) + 11*r(s). Give f(-3).
101
Suppose -2*v + 3*v + 2*p + 5 = 0, -3*p = 5*v + 4. Let n(o) = 0*o - o + 289*o**2 - 258*o**2. Calculate n(v).
30
Let s = 13 - 19. Let l = -430 - -459. Let h(q) = -2 - 9 - q + l - 8 - 8. Calculate h(s).
8
Let k be ((-1)/(-1) - 2)*(-28 + 38)/(-10). Let u(p) be the third derivative of p**5/15 + p**4/24 - 3*p**2. Calculate u(k).
5
Suppose 0 = 15*b + 49 + 86. Let s(n) = n**3 + 9*n**2 - 5*n - 30. Give s(b).
15
Let l = -219 + 218. Let v(h) = 15*h**2 + 367*h - 366*h - 20*h**2 - 21*h**2. Calculate v(l).
-27
Let m(n) = n**2 + 8*n + 11. Let x be 4/7*(2 + 5). Suppose q + 1 = a - 0*q, -q + x = 4*a. Suppose a = -2*k - 15. Determine m(k).
11
Let t(q) = 2*q**3 + 61*q - 26*q**2 + 2 - 3*q**3 + 8 + 33*q**2. Let g be t(-5). Let z(a) = -3*a + 6. Determine z(g).
-9
Let w(v) = -v - 7. Suppose -855 = 3*o - 816. Determine w(o).
6
Let q(m) be the third derivative of m**4/12 - m**3/3 + 2*m**2 + 2*m - 1760. Suppose -2*x = 4*y, 2*y - 10 = -0*y. Determine q(x).
-22
Let o(v) be the first derivative of -v**4/12 + v**3 - 2*v**2 + 15*v + 110. Let y(h) be the first derivative of o(h). Give y(4).
4
Let v(s) = 5*s**2 + 11*s + 14. Let x be v(-8). Let a = 252 - x. Let t(b) be the second derivative of -b**5/20 + 5*b**4/12 + 4*b**3/3 - 3*b**2 + b. Give t(a).
6
Let s(k) = -k**3 + 10*k**2 + k - 8. Suppose -2*v - 20 = -4*v. Let a be s(v). Let d(g) = g**2 - 6*g**2 - 3*g**a + 2*g**2 + 1. What is d(-1)?
-5
Let m(i) = i**2 - 2*i. Suppose -3*v + 9 = -x - 2*x, 5*v = -2*x - 13. Let r be (-4)/6*3/(-2) + v. Suppose 0 = 3*y + 5*w + 16, r = 2*y + 3*w - 8*w - 6. Give m(y).
8
Let j(c) = -15*c - 79 - c**3 - 80 + 18*c**2 + 257 - 69 - 2*c**2. Calculate j(15).
29
Let l = -9 + 11. Suppose -5*f = -2*c - 24, 2*f - 3*c - l = 1. Let b(r) be the third derivative of r**5/60 - r**4/4 + 4*r**3/3 + 651*r**2. What is b(f)?
8
Let p(g) = -2*g**2 - 1. Suppose -13*s = 10 - 49. Suppose -5*i = -s*v - 34, 0*v + 5*i - 40 = 5*v. What is p(v)?
-19
Let a(x) = -x**2 - 2*x + 37. Suppose -28 = 4*w - 2*k, 4*k - 81 + 73 = 0. Calculate a(w).
13
Let n(v) be the first derivative of -v**4/4 + 14*v**3/3 - 25*v**2/2 + 24*v + 726. Give n(12).
12
Let s be (-2 - 2*5/(-10) - -2) + 0. Let g(i) = -26*i + 1. Determine g(s).
-25
Let d = -16039 + 16037. Let p(w) be the second derivative of -w**7/420 - w**6/180 - w**4/12 - w**3/6 - w. Let y(c) be the second derivative of p(c). Give y(d).
6
Suppose -4*t = 2*y - 622, 13 = -t + y + 161. Suppose t = -50*g + 33*g. Let v(a) = 2*a + 20. What is v(g)?
2
Let r(t) = -t**3 + t**2 - 2*t + 2. Let k be (-5 + 2)*(-2)/3. Suppose -52 + 42 = -k*f. Let q be f*(-2 - (-24)/10). Give r(q).
-6
Let f(k) = k**2 + 12 + 19506*k - 1 - 9769*k - 9760*k. What is f(23)?
11
Let a(i) = i - 19. Let n be (-10 - -4 - (-50)/15)/(1/(-3)). What is a(n)?
-11
Let d(h) = 2*h**3 - 24*h**2 - 13*h + 147. Let f be d(12). Let q(n) = n**3 + 8*n**2 - 10*n + 31. Give q(f).
40
Suppose -6*o = -4*o + 3*d + 44, -2*d - 104 = 4*o. Let m = o + 30. Suppose 0 = -5*g + 4*t + 65, -m*t + 3*t - 13 = -2*g. Let x(n) = -n**2 + 9*n. Determine x(g).
0
Let m(b) = -8*b + 16. Let z be m(1). Let d(a) = -3*a - a - a - z + 4*a. Give d(7).
-15
Let p(a) = a**3 + 10*a**2 + 8*a + 210. Let n be p(-11). Let y(g) = -2*g**2 - 2*g - 7. Let t(f) = f**2 + f + 4. Let x(b) = 7*t(b) + 4*y(b). Give x(n).
-2
Let w be (-192)/(-33) + (-3 - (-105)/33). Suppose 0 = 3*u + w - 9. Let l(n) = -12*n + 1. Determine l(u).
-11
Let i(k) = -31*k**2 + k - 1. Let l(y) = -2*y**3 + 15*y**2 - 15*y + 185. Let w be l(8). What is i(w)?
-31
Let q(s) = -3*s - 2. Let l(v) = 1. Let p(c) = -13*l(c) - 3*q(c). Give p(-3).
-34
Let g(p) = -15*p**3 + p**2 - p. Let x(w) = -88*w**3 + 6*w**2 - 10*w + 1. Let h(o) = -6*g(o) + x(o). Calculate h(2).
9
Let m = 867 + -1084. Let f = -217 - m. Let q(i) = i**3 + i**2 + 17. Calculate q(f).
17
Let o(i) = 4*i**2 + 4*i + 3. Let j be 2*-1 - (-44)/11. Let c(w) = 58*w**3 + 12 + 60*w**3 + 14*w**j - w + 56*w**3 - 175*w**3. Let a be c(14). Give o(a).
11
Let n(i) = 11*i**2 - 33*i - 36. Let k(l) = 9*l**2 - 30*l - 36. Let q(h) = 6*k(h) - 5*n(h). Give q(-3).
0
Let f = -9804 - -9806. Let a(b) be the first derivative of f + 1/4*b**4 + 10*b - 3*b